 of 355667?
13, 109, 251
What are the prime factors of 1784861?
13, 251, 547
What are the prime factors of 79064?
2, 9883
List the prime factors of 1814012.
2, 47, 9649
List the prime factors of 21703570.
2, 5, 7, 44293
List the prime factors of 28007258.
2, 383, 36563
What are the prime factors of 687353?
67, 10259
What are the prime factors of 2204396?
2, 551099
List the prime factors of 576282.
2, 3, 7, 13721
What are the prime factors of 528658?
2, 13, 20333
List the prime factors of 1564118.
2, 19, 41161
List the prime factors of 73855.
5, 14771
List the prime factors of 2280373.
97, 23509
What are the prime factors of 800994?
2, 3, 133499
List the prime factors of 3821959.
31, 123289
What are the prime factors of 246024?
2, 3, 17, 67
What are the prime factors of 4946?
2, 2473
List the prime factors of 241125.
3, 5, 643
What are the prime factors of 119775?
3, 5, 1597
List the prime factors of 7541094.
2, 3, 11, 114259
List the prime factors of 94153.
94153
What are the prime factors of 4091991?
3, 443, 3079
What are the prime factors of 1137222?
2, 3, 63179
What are the prime factors of 3188570?
2, 5, 7, 11, 41, 101
What are the prime factors of 5066835?
3, 5, 47, 7187
List the prime factors of 424299.
3, 29, 4877
What are the prime factors of 1786478?
2, 43, 20773
What are the prime factors of 2164143?
3, 721381
List the prime factors of 331496.
2, 11, 3767
List the prime factors of 24241.
7, 3463
List the prime factors of 18630995.
5, 491, 7589
What are the prime factors of 8037969?
3, 19, 83, 1699
What are the prime factors of 21102852?
2, 3, 43, 40897
What are the prime factors of 181900?
2, 5, 17, 107
What are the prime factors of 1523614?
2, 761807
List the prime factors of 1281872.
2, 113, 709
What are the prime factors of 310644?
2, 3, 8629
List the prime factors of 1483356.
2, 3, 7, 17659
List the prime factors of 2917193.
31, 139, 677
What are the prime factors of 684725?
5, 61, 449
List the prime factors of 3543955.
5, 23, 30817
What are the prime factors of 153438?
2, 3, 107, 239
What are the prime factors of 462936?
2, 3, 19289
List the prime factors of 306613.
23, 13331
List the prime factors of 3075327.
3, 37967
List the prime factors of 2600954.
2, 1300477
List the prime factors of 9424310.
2, 5, 7, 31, 43, 101
What are the prime factors of 22586?
2, 23, 491
List the prime factors of 5619351.
3, 587, 3191
List the prime factors of 330470.
2, 5, 7, 4721
List the prime factors of 276240.
2, 3, 5, 1151
What are the prime factors of 2070181?
2070181
List the prime factors of 496252.
2, 97, 1279
List the prime factors of 392772.
2, 3, 71, 461
What are the prime factors of 232934?
2, 13, 17, 31
List the prime factors of 453592.
2, 31, 59
List the prime factors of 1719732.
2, 3, 7, 59, 347
List the prime factors of 20308503.
3, 31, 218371
List the prime factors of 3878861.
7, 554123
What are the prime factors of 1690556?
2, 7, 173, 349
What are the prime factors of 9020471?
199, 45329
List the prime factors of 1678065.
3, 5, 111871
List the prime factors of 30307511.
13, 661, 3527
What are the prime factors of 93165?
3, 5, 6211
List the prime factors of 3947217.
3, 109, 12071
What are the prime factors of 76496?
2, 7, 683
What are the prime factors of 4039495?
5, 19, 101, 421
What are the prime factors of 10839371?
23, 471277
What are the prime factors of 34216030?
2, 5, 3421603
What are the prime factors of 815205?
3, 5, 54347
What are the prime factors of 2107029?
3, 229, 3067
What are the prime factors of 523128?
2, 3, 71, 307
List the prime factors of 393067.
41, 9587
List the prime factors of 11254520.
2, 5, 281363
What are the prime factors of 1116077?
1116077
List the prime factors of 302256.
2, 3, 2099
List the prime factors of 449452.
2, 112363
What are the prime factors of 2741610?
2, 3, 5, 91387
What are the prime factors of 134984?
2, 47, 359
List the prime factors of 259234.
2, 227, 571
What are the prime factors of 71847?
3, 887
What are the prime factors of 4523170?
2, 5, 43, 67, 157
What are the prime factors of 1638509?
1051, 1559
What are the prime factors of 87252?
2, 3, 11, 661
List the prime factors of 42653.
13, 17, 193
List the prime factors of 2784374.
2, 19, 47, 1559
List the prime factors of 101116.
2, 17, 1487
What are the prime factors of 352349?
352349
List the prime factors of 699161.
29, 24109
What are the prime factors of 176213?
176213
What are the prime factors of 4976501?
47, 105883
List the prime factors of 441008.
2, 43, 641
What are the prime factors of 21278295?
3, 5, 83, 211
What are the prime factors of 4761628?
2, 19, 62653
What are the prime factors of 497605?
5, 23, 4327
List the prime factors of 807772.
2, 7, 17, 1697
What are the prime factors of 15870659?
7, 157, 2063
What are the prime factors of 2110871?
7, 23, 1873
What are the prime factors of 2664843?
3, 71, 12511
List the prime factors of 5346319.
11, 43, 89, 127
List the prime factors of 784204.
2, 196051
What are the prime factors of 778164?
2, 3, 19, 3413
What are the prime factors of 210838?
2, 271, 389
List the prime factors of 979822.
2, 489911
List the prime factors of 38931.
3, 19, 683
What are the prime factors of 8996787?
3, 47, 21269
List the prime factors of 68502.
2, 3, 7, 233
What are the prime factors of 151304?
2, 18913
What are the prime factors of 118190?
2, 5, 53, 223
What are the prime factors of 900848?
2, 13, 61, 71
What are the prime factors of 126079?
126079
List the prime factors of 3133703.
151, 20753
What are the prime factors of 455144?
2, 56893
What are the prime factors of 4024116?
2, 3, 111781
What are the prime factors of 567462?
2, 3, 7, 59, 229
List the prime factors of 7708340.
2, 5, 385417
List the prime factors of 47045.
5, 97
What are the prime factors of 752779?
181, 4159
List the prime factors of 1030655.
5, 19, 571
List the prime factors of 3744187.
3744187
What are the prime factors of 266348?
2, 66587
List the prime factors of 3680859.
3, 7, 13, 97, 139
List the prime factors of 17591560.
2, 5, 7, 62827
List the prime factors of 3489788.
2, 373, 2339
List the prime factors of 845678.
2, 89, 4751
What are the prime factors of 3820387?
19, 201073
What are the prime factors of 636024?
2, 3, 26501
What are the prime factors of 24546015?
3, 5, 13, 41959
What are the prime factors of 2571208?
2, 331, 971
List the prime factors of 1986341.
7, 283763
List the prime factors of 1205190.
2, 3, 5, 7, 1913
What are the prime factors of 363814?
2, 11, 23, 719
What are the prime factors of 1876818?
2, 3, 421, 743
List the prime factors of 144752.
2, 83, 109
List the prime factors of 5391154.
2, 23, 233, 503
List the prime factors of 2279516.
2, 29, 43, 457
What are the prime factors of 114606?
2, 3, 6367
What are the prime factors of 38282274?
2, 3, 41, 17291
List the prime factors of 7202648.
2, 900331
List the prime factors of 871.
13, 67
What are the prime factors of 626653?
61, 10273
List the prime factors of 2957341.
61, 48481
What are the prime factors of 383338?
2, 191669
What are the prime factors of 6122667?
3, 137, 14897
List the prime factors of 5472675.
3, 5, 13, 1871
List the prime factors of 23883049.
97, 246217
List the prime factors of 241548.
2, 3, 20129
List the prime factors of 5995465.
5, 7, 171299
What are the prime factors of 2134004?
2, 19, 43, 653
List the prime factors of 542696.
2, 7, 11, 881
List the prime factors of 22711156.
2, 13, 19, 127, 181
What are the prime factors of 958397?
11, 151, 577
List the prime factors of 224645.
5, 179, 251
What are the prime factors of 6209736?
2, 3, 13, 1531
What are the prime factors of 1904682?
2, 3, 13, 24419
What are the prime factors of 88142?
2, 44071
What are the prime factors of 4746104?
2, 11, 4903
What are the prime factors of 1256104?
2, 157013
What are the prime factors of 3663009?
3, 7, 19381
What are the prime factors of 10436897?
29, 487, 739
List the prime factors of 407618.
2, 203809
What are the prime factors of 992332?
2, 11, 19, 1187
List the prime factors of 7536865.
5, 7, 17, 53, 239
What are the prime factors of 91718?
2, 11, 379
What are the prime factors of 693307?
223, 3109
List the prime factors of 762295.
5, 152459
What are the prime factors of 668923?
37, 101, 179
What are the prime factors of 3809083?